x + 2 = -j. What is the units digit of x?
2
Let o(w) be the first derivative of -w**4/4 + 2*w**3 - w - 7. What is the tens digit of o(4)?
3
Let h = 1 + 2. What is the tens digit of 2/h - 46/(-3)?
1
Suppose -5*g = 20, 4*c - 24 = -5*g + 3*g. What is the units digit of c?
8
Let n(l) = l**3 - 7*l**2 + 5*l + 16. What is the tens digit of n(9)?
2
Suppose p = 5*x - 3 + 11, -7 = -p + 4*x. Suppose -58 = -p*n - 10. Suppose -2*b = -b - n. What is the tens digit of b?
1
Suppose -4*p = p + 5. What is the units digit of 14 + -5 + p*3?
6
Let d(b) = 2*b**2 - 11*b + 10. What is the tens digit of d(7)?
3
Suppose -2*n - 3*n = -205. What is the tens digit of n?
4
Let p be 0/(-1)*2/4. Suppose 0*k + k - 2*o = -5, k + 4*o - 13 = p. What is the units digit of k?
1
Let w = -8 + 13. Let y = 9 - w. Suppose -y*c + 14 + 14 = 0. What is the units digit of c?
7
Let n = -29 - -10. Let t = n + 43. What is the tens digit of t?
2
Suppose -5*h = 4*b - 286, 2*h + 0*h - 5*b = 121. What is the units digit of h?
8
Suppose 2*m = -3*i + 3, -m - 15 = -4*m - i. Let z be (-1 + 4)*20/m. Suppose 0*j - 5*j = -z. What is the units digit of j?
2
Let n(d) = -8*d**2 - 3*d - 9. Let c(a) = 3*a**2 + a + 3. Let g(u) = 11*c(u) + 4*n(u). Let b be ((-2)/4)/(1/6). What is the units digit of g(b)?
9
Let o(j) = -j**3 - 3*j**2 - 4. Let k be o(-3). Let n be 4*1/2 + k. What is the units digit of (n + 1)/((-5)/45)?
9
Let i(q) = q**3 - 2*q**2 - q - 1. Let g be i(3). Suppose c - 1 = -g*y - 9, -c + 4 = -y. Suppose 5*v - 3 = c*v. What is the units digit of v?
1
Let c = 39 - -127. What is the units digit of c?
6
Suppose 3*n + 2*i = -n + 20, -n = 5*i - 14. Let m(d) = n*d - d**2 + 4*d**2 - 5*d. What is the tens digit of m(-2)?
1
Let q(y) = -y**2 - 13*y - 13. Let g be q(-10). Suppose -2*i + 4 = -2. Let x = g + i. What is the tens digit of x?
2
Suppose -3*a = 58 - 10. Let v = 1 - a. What is the units digit of v?
7
Let c = 41 - 10. What is the units digit of c?
1
What is the units digit of 2/10*2*35?
4
Let c(y) = 3*y + 1. Let l(g) = -3*g - 1. Let h(x) = 3*c(x) + 4*l(x). Let k be h(-2). Suppose -2*d - k = -3*d. What is the units digit of d?
5
Suppose 3*x - 2*x + q - 25 = 0, 0 = 4*x + 5*q - 96. Suppose x = 2*p - 29. What is the units digit of p?
9
Suppose -40 = -w - 4*w. What is the units digit of w?
8
Suppose 4 = -x + 2. What is the units digit of (-6)/(-4)*(x + 8)?
9
Let v(u) = 4*u + 12. Let o be v(-8). What is the units digit of ((-24)/5)/(8/o)?
2
Let n = -896 + 485. What is the tens digit of (-2)/9 + n/(-27)?
1
Suppose -m - 12 = m. Let k = 12 + m. What is the units digit of k?
6
Let t(d) = d**3 - 7*d**2 + d - 4. Let b be t(7). Suppose 0 = b*p + 2*w - 212, p - 3*w = -6*w + 73. Suppose -25 = 3*u - p. What is the units digit of u?
5
Suppose 2*c = 4*f + 14, 0 = -2*c - 2*f + 3 + 5. Suppose 0 = -k + s + c + 2, 5*k = s + 23. Let y = k + 4. What is the units digit of y?
8
What is the units digit of (8 - -1)*246/(-18)*-1?
3
Let w = 27 + -15. What is the tens digit of (-4)/(w/(-45)) - 1?
1
Suppose -5*w + 22 = 3*o - 41, o - 5*w = 41. What is the units digit of o?
6
Let y = 160 + -79. What is the tens digit of y?
8
Let i = -70 - -18. Let g = i - -74. What is the tens digit of g?
2
Let q be (-1)/(-5) - (-716)/20. Suppose 2*w - o - 3*o - 44 = 0, q = 2*w - 2*o. What is the units digit of w?
4
Suppose 4 - 3 = -5*v + 4*w, -3*w = -4*v - 1. Let o be v + 1 + (-5 - -8). What is the units digit of 14*((o - 0) + -2)?
4
Suppose w - 5*w + 12 = 0. Let g = w - 2. Suppose -4 = -3*v - g. What is the units digit of v?
1
Let f(w) = -30*w - 9. What is the units digit of f(-4)?
1
Let i = 289 + -194. What is the tens digit of i?
9
Let o = 10 - 9. Suppose 0 = -4*h + 3*h - 1. What is the units digit of (-1 + o/(-1))*h?
2
Let s be 4/8 + 62/4. Suppose -y - 2*g = -s, -y + 5*y + 3*g = 59. Let w = 29 - y. What is the units digit of w?
5
Let g(l) = 3 + 2 - 5*l**2 + 4*l**2 - 3 - l**3. What is the units digit of g(0)?
2
Suppose -1 + 55 = -4*s - j, -2*j = 4. Let a = s + 18. What is the units digit of a?
5
Let t be (-50)/15*(-12)/10. Let a(b) = 3*b - 6. What is the units digit of a(t)?
6
Let a(g) = -g**3 + 3*g**2 - g - 1. What is the units digit of a(2)?
1
Let w = 177 + -105. What is the tens digit of w?
7
Let o(i) = 27*i + 4 + 0 - 3. Let m be o(1). Let s = -17 + m. What is the units digit of s?
1
Let m(r) = -15*r - 3. Let o be m(-2). Let b = o - 16. What is the tens digit of b?
1
Let o = -28 + 62. What is the units digit of o?
4
Suppose 5*g + 4*t - 61 = 0, -30 + 10 = -5*t. What is the units digit of g?
9
Let d = -13 + 18. Let m(o) = -4*o + d*o + 5 - 2. What is the units digit of m(3)?
6
Suppose -3*o = -171 - 39. Suppose -4*w - 18 = -o. Suppose -j - 5*n + w = 2*j, -23 = -4*j - n. What is the units digit of j?
6
Suppose -2*p = -10 - 22. What is the tens digit of p?
1
Suppose -2*g + 302 - 6 = 0. Suppose -g = -3*n - 16. What is the tens digit of n?
4
Let s = 9 - 16. Let q(v) = -4*v - 2. What is the tens digit of q(s)?
2
Let m(r) = r - 6. Let v be m(6). Let g be -2*19*1/(-1). Suppose v*w - 13 = -w - s, -5*w = -4*s - g. What is the tens digit of w?
1
Let j be (18/(-12))/(6/(-8)). Suppose 2*x - 40 = 5*l, -4*x = -0*x - j*l - 64. What is the units digit of x?
5
Let w = -65 + 117. What is the units digit of w?
2
Suppose -y = -2*y + 2. What is the units digit of y?
2
Let r be 5 + -4 - 18/(-2). What is the units digit of 36/5 + (-2)/r?
7
Suppose 182 = 5*t + 62. What is the tens digit of t?
2
Let c = 50 + 6. What is the units digit of c?
6
Let r(o) = o**2 - 7*o - 5. Let y be r(7). Let g = 13 - y. What is the units digit of g?
8
Suppose 2*k + 40 = -2*k. Let y = 3 - k. What is the tens digit of y?
1
Let y = -62 - -94. Suppose -6 = i - y. What is the units digit of i?
6
Let f = -23 - -25. Suppose -f*o + 30 = 4. What is the units digit of o?
3
Let x = -1 + 1. Suppose -4*l + 14 = -2*y, 3*l - 5*l + 8 = -2*y. Let t = l - x. What is the units digit of t?
3
Suppose m = -2*m - 129. Let i = -19 - m. What is the units digit of i?
4
Let w(g) be the first derivative of g**4/4 - g**2/2 + 5*g - 27. Let x = 1 + -1. What is the units digit of w(x)?
5
Suppose 0 = 2*n + 10 - 28. Let m = -5 + n. Suppose z = -m*z + 35. What is the units digit of z?
7
Let t(b) = 5*b**2 + 4*b - 12. What is the tens digit of t(3)?
4
Let w = 26 + -13. What is the units digit of w?
3
Let v = -9 - -4. What is the units digit of 2/4*-2 - v?
4
Let g be 4/(8/(-6)) - -5. What is the units digit of 31/g + (-24)/16?
4
Let s = 0 + 5. Suppose s*f + 0 + 10 = 5*q, -3*f = 12. What is the units digit of ((-1 - q) + -3)/(-2)?
1
Suppose -3*p + 95 = 4*a, -4*p - 2*a = -3*a - 114. What is the units digit of p?
9
Let p = 2 + 0. Let u be (p/4)/(1/12). What is the units digit of (-48)/18*u/(-4)?
4
Suppose -5*p = -6 - 4. Suppose 0 = 4*l - q - 33, -3*l + 4*q + 33 = p*l. What is the units digit of l?
9
Let o be (-36)/(-10) - 6/(-15). Let f(z) = z**2 - 2*z - 4. What is the units digit of f(o)?
4
Let w(b) = -b**2 + 6*b + 4. Suppose q = 5*h - 19, 4*q - 2*h = 10 + 4. Let c be w(q). Suppose -c*p + x + x = -10, -10 = -p - x. What is the units digit of p?
5
Let b = -3 - -3. Let z be -1 - (b - 18)/3. Suppose 5*t - 5 - z = 0. What is the units digit of t?
2
Let t(w) be the second derivative of w**5/20 + 5*w**4/6 - w**3/3 - 7*w**2 - 2*w. What is the units digit of t(-10)?
6
Suppose -40 = -4*h + 2*h. Suppose -2*o + h = 3*o. What is the units digit of (-2)/4 - (-26)/o?
6
Suppose 0 = y - 28 - 6. Suppose -y - 2 = -2*k. What is the tens digit of k?
1
Let p(y) be the second derivative of y**4/12 - 11*y**3/6 + 6*y**2 - 6*y. What is the tens digit of p(12)?
2
Let i(v) = v**2 + 7*v + 5. Let f be i(-7). Let c = 17 + -9. Suppose 4*k + 2*x - c = -2*x, 0 = 5*k - f*x - 60. What is the units digit of k?
7
Let l be 0 + (-4 + 1)/(-1). Let y(z) = z + 15. Let j be y(-10). Suppose j = h - l. What is the units digit of h?
8
Let l be 16/7 - (-4)/(-14). Suppose 0 = -7*t + l*t + 35. What is the units digit of t?
7
Suppose -2*g + 1 = -z, -5*g = -7*z + 3*z + 2. Suppose -z*h + 29 = 5. What is the units digit of (-3)/(-3*2/h)?
4
Suppose 0 = -2*d + 3 - 1. Let y = d - -6. Let l = 14 - y. What is the units digit of l?
7
Let y be 4/(-10) - 24/(-10). Suppose -3*x + 7*x - 72 = -4*u, 5*u - y*x = 104. What is the tens digit of u?
2
Suppose 3*d + 99 = t, -t - 15 = 5*d + 158. Let j